{"id":2727,"date":"2021-10-22T10:50:53","date_gmt":"2021-10-22T10:50:53","guid":{"rendered":"https:\/\/www.franciscodesales.com\/?page_id=2727"},"modified":"2022-03-03T12:50:29","modified_gmt":"2022-03-03T12:50:29","slug":"relatos","status":"publish","type":"page","link":"https:\/\/www.franciscodesales.com\/index.php\/relatos\/","title":{"rendered":"RELATOS"},"content":{"rendered":"\t\t<div data-elementor-type=\"wp-page\" data-elementor-id=\"2727\" class=\"elementor elementor-2727\">\n\t\t\t\t\t\t<section class=\"elementor-section elementor-top-section elementor-element elementor-element-b2ca0b9 elementor-section-boxed elementor-section-height-default elementor-section-height-default\" data-id=\"b2ca0b9\" data-element_type=\"section\">\n\t\t\t\t\t\t<div class=\"elementor-container elementor-column-gap-default\">\n\t\t\t\t\t<div class=\"elementor-column elementor-col-100 elementor-top-column elementor-element elementor-element-486fe7b\" data-id=\"486fe7b\" data-element_type=\"column\">\n\t\t\t<div class=\"elementor-widget-wrap elementor-element-populated\">\n\t\t\t\t\t\t<div class=\"elementor-element elementor-element-a0875cb elementor-widget elementor-widget-sidebar\" data-id=\"a0875cb\" data-element_type=\"widget\" data-widget_type=\"sidebar.default\">\n\t\t\t\t<div class=\"elementor-widget-container\">\n\t\t\t\t\t<div id=\"block-3\" class=\"footer-widget widget_block clr\">\n<div class=\"wp-block-group\"><div class=\"wp-block-group__inner-container is-layout-flow wp-block-group-is-layout-flow\">\n<h2 class=\"has-white-color has-text-color wp-block-heading\" id=\"recent-posts\">Entradas recientes<\/h2>\n\n\n<ul class=\"wp-block-latest-posts__list wp-block-latest-posts\"><li><a class=\"wp-block-latest-posts__post-title\" href=\"https:\/\/www.franciscodesales.com\/index.php\/2026\/05\/06\/testamento-informal\/\">Testamento informal<\/a><\/li>\n<li><a class=\"wp-block-latest-posts__post-title\" href=\"https:\/\/www.franciscodesales.com\/index.php\/2026\/05\/04\/si\/\">S\u00ed<\/a><\/li>\n<li><a class=\"wp-block-latest-posts__post-title\" href=\"https:\/\/www.franciscodesales.com\/index.php\/2026\/04\/28\/tu-ayer\/\">T\u00fa, ayer<\/a><\/li>\n<li><a class=\"wp-block-latest-posts__post-title\" href=\"https:\/\/www.franciscodesales.com\/index.php\/2026\/04\/26\/viento-del-pasado\/\">Viento del pasado<\/a><\/li>\n<li><a class=\"wp-block-latest-posts__post-title\" href=\"https:\/\/www.franciscodesales.com\/index.php\/2026\/04\/24\/el-verbo-amar\/\">El verbo amar<\/a><\/li>\n<\/ul><\/div><\/div>\n<\/div>\t\t\t\t<\/div>\n\t\t\t\t<\/div>\n\t\t\t\t\t<\/div>\n\t\t<\/div>\n\t\t\t\t\t<\/div>\n\t\t<\/section>\n\t\t\t\t<section class=\"elementor-section elementor-top-section elementor-element elementor-element-6588e9e elementor-section-boxed elementor-section-height-default elementor-section-height-default\" data-id=\"6588e9e\" data-element_type=\"section\">\n\t\t\t\t\t\t<div class=\"elementor-container elementor-column-gap-default\">\n\t\t\t\t\t<div class=\"elementor-column elementor-col-100 elementor-top-column elementor-element elementor-element-823f458\" data-id=\"823f458\" data-element_type=\"column\">\n\t\t\t<div class=\"elementor-widget-wrap elementor-element-populated\">\n\t\t\t\t\t\t<div class=\"elementor-element elementor-element-f31e09f elementor-widget elementor-widget-text-editor\" data-id=\"f31e09f\" data-element_type=\"widget\" data-widget_type=\"text-editor.default\">\n\t\t\t\t<div class=\"elementor-widget-container\">\n\t\t\t\t\t\t\t\t\t<p><span style=\"text-decoration: underline;\"><strong>RELATOS<\/strong><\/span><\/p>\t\t\t\t\t\t\t\t<\/div>\n\t\t\t\t<\/div>\n\t\t\t\t<div class=\"elementor-element elementor-element-af7e8a9 elementor-widget elementor-widget-text-editor\" data-id=\"af7e8a9\" data-element_type=\"widget\" data-widget_type=\"text-editor.default\">\n\t\t\t\t<div class=\"elementor-widget-container\">\n\t\t\t\t\t\t\t\t\t<p><ul class=\"lcp_catlist\" id=\"lcp_instance_0\"><li><a href=\"https:\/\/www.franciscodesales.com\/index.php\/2026\/03\/29\/toda-una-vida\/\">Toda una vida<\/a><\/li><li><a href=\"https:\/\/www.franciscodesales.com\/index.php\/2026\/03\/29\/recuerdos-en-alcohol\/\">Recuerdos en alcohol<\/a><\/li><li><a href=\"https:\/\/www.franciscodesales.com\/index.php\/2026\/03\/28\/la-historia-dice-asi\/\">La historia dice as\u00ed<\/a><\/li><li><a href=\"https:\/\/www.franciscodesales.com\/index.php\/2026\/03\/28\/tus-pisadas-rancias\/\">Tus pisadas rancias<\/a><\/li><li><a href=\"https:\/\/www.franciscodesales.com\/index.php\/2024\/03\/23\/el-cuento-de-los-anos-muertos\/\">El cuento de los a\u00f1os muertos<\/a><\/li><li><a href=\"https:\/\/www.franciscodesales.com\/index.php\/2024\/03\/19\/mi-madre-2\/\">Mi madre<\/a><\/li><li><a href=\"https:\/\/www.franciscodesales.com\/index.php\/2022\/12\/18\/desconocida\/\">Desconocida<\/a><\/li><li><a href=\"https:\/\/www.franciscodesales.com\/index.php\/2022\/11\/23\/el-olvido\/\">El olvido<\/a><\/li><li><a href=\"https:\/\/www.franciscodesales.com\/index.php\/2022\/03\/27\/la-novia-viuda\/\">La novia viuda<\/a><\/li><li><a href=\"https:\/\/www.franciscodesales.com\/index.php\/2022\/03\/13\/el-cura-ahorcado\/\">El cura ahorcado<\/a><\/li><li><a href=\"https:\/\/www.franciscodesales.com\/index.php\/2021\/09\/17\/yo-quiero-dar-la-vida-por-el\/\">Yo quiero dar la vida por \u00e9l<\/a><\/li><li><a href=\"https:\/\/www.franciscodesales.com\/index.php\/2021\/09\/17\/viaje-avion\/\">Viaje avi\u00f3n<\/a><\/li><li><a href=\"https:\/\/www.franciscodesales.com\/index.php\/2021\/09\/17\/tu-me-ensenaste-la-luz\/\">T\u00fa me ense\u00f1aste la luz<\/a><\/li><li><a href=\"https:\/\/www.franciscodesales.com\/index.php\/2021\/09\/17\/tosca\/\">Tosca<\/a><\/li><li><a href=\"https:\/\/www.franciscodesales.com\/index.php\/2021\/09\/17\/tormento\/\">Tormento<\/a><\/li><li><a href=\"https:\/\/www.franciscodesales.com\/index.php\/2021\/09\/17\/tengo-el-alma-cansada\/\">Tengo el alma cansada<\/a><\/li><li><a href=\"https:\/\/www.franciscodesales.com\/index.php\/2021\/09\/17\/tendras-que-perdonar-mi-osadia\/\">Tendr\u00e1s que perdonar mi osad\u00eda<\/a><\/li><li><a href=\"https:\/\/www.franciscodesales.com\/index.php\/2021\/09\/17\/te-doy-lo-que-tengo-2\/\">Te doy lo que tengo.<\/a><\/li><li><a href=\"https:\/\/www.franciscodesales.com\/index.php\/2021\/09\/17\/soportar-tu-ausencia\/\">Soportar tu ausencia<\/a><\/li><li><a href=\"https:\/\/www.franciscodesales.com\/index.php\/2021\/09\/17\/soliloquio-compartido\/\">Soliloquio compartido<\/a><\/li><li><a href=\"https:\/\/www.franciscodesales.com\/index.php\/2021\/09\/17\/sin-ti\/\">Sin ti<\/a><\/li><li><a href=\"https:\/\/www.franciscodesales.com\/index.php\/2021\/09\/17\/silencios\/\">Silencios<\/a><\/li><li><a href=\"https:\/\/www.franciscodesales.com\/index.php\/2021\/09\/17\/siempre-sere-tu-hija\/\">Siempre ser\u00e9 tu hija<\/a><\/li><li><a href=\"https:\/\/www.franciscodesales.com\/index.php\/2021\/09\/17\/se-me-ha-perdido-la-sonrisa\/\">Se me ha perdido la sonrisa<\/a><\/li><li><a href=\"https:\/\/www.franciscodesales.com\/index.php\/2021\/09\/17\/rota\/\">Rota<\/a><\/li><li><a href=\"https:\/\/www.franciscodesales.com\/index.php\/2021\/09\/17\/quiso-el-destino\/\">Quiso el destino<\/a><\/li><li><a href=\"https:\/\/www.franciscodesales.com\/index.php\/2021\/09\/17\/querida-nuria\/\">Querida Nuria<\/a><\/li><li><a href=\"https:\/\/www.franciscodesales.com\/index.php\/2021\/09\/17\/pudores\/\">Pudores<\/a><\/li><li><a href=\"https:\/\/www.franciscodesales.com\/index.php\/2021\/09\/17\/perdida-dentro-de-mi\/\">Perdida dentro de m\u00ed<\/a><\/li><li><a href=\"https:\/\/www.franciscodesales.com\/index.php\/2021\/09\/17\/paraguas-amarillo\/\">Paraguas amarillo<\/a><\/li><li><a href=\"https:\/\/www.franciscodesales.com\/index.php\/2021\/09\/17\/orellana\/\">Orellana<\/a><\/li><li><a href=\"https:\/\/www.franciscodesales.com\/index.php\/2021\/09\/17\/noche-en-vela\/\">Noche en vela<\/a><\/li><li><a href=\"https:\/\/www.franciscodesales.com\/index.php\/2021\/09\/17\/no-me-gustan-los-hospitales\/\">No me gustan los hospitales<\/a><\/li><li><a href=\"https:\/\/www.franciscodesales.com\/index.php\/2021\/09\/17\/necesito-olvidarte\/\">Necesito olvidarte<\/a><\/li><li><a href=\"https:\/\/www.franciscodesales.com\/index.php\/2021\/09\/17\/mi-madre\/\">Mi madre<\/a><\/li><li><a href=\"https:\/\/www.franciscodesales.com\/index.php\/2021\/09\/17\/maria-palida-semblanza\/\">Mar\u00eda p\u00e1lida semblanza<\/a><\/li><li><a href=\"https:\/\/www.franciscodesales.com\/index.php\/2021\/09\/17\/martina\/\">Martina<\/a><\/li><li><a href=\"https:\/\/www.franciscodesales.com\/index.php\/2021\/09\/17\/mama-2\/\">Mam\u00e1.<\/a><\/li><li><a href=\"https:\/\/www.franciscodesales.com\/index.php\/2021\/09\/17\/mal-de-desamores\/\">Mal de desamores<\/a><\/li><li><a href=\"https:\/\/www.franciscodesales.com\/index.php\/2021\/09\/17\/madres\/\">Madres&#8230;<\/a><\/li><li><a href=\"https:\/\/www.franciscodesales.com\/index.php\/2021\/09\/17\/los-martes-a-las-cuatro\/\">Los martes a las cuatro<\/a><\/li><li><a href=\"https:\/\/www.franciscodesales.com\/index.php\/2021\/09\/17\/lelos\/\">Lelos<\/a><\/li><li><a href=\"https:\/\/www.franciscodesales.com\/index.php\/2021\/09\/17\/las-mujeres-de-mi-vida\/\">Las mujeres de mi vida<\/a><\/li><li><a href=\"https:\/\/www.franciscodesales.com\/index.php\/2021\/09\/17\/la-unica-vez-que-alguien-le-ha-ganado-una-partida-al-destino\/\">La \u00fanica vez que alguien le ha ganado una partida al destino<\/a><\/li><li><a href=\"https:\/\/www.franciscodesales.com\/index.php\/2021\/09\/17\/la-virgen-de-los-llantos\/\">La virgen de los llantos<\/a><\/li><li><a href=\"https:\/\/www.franciscodesales.com\/index.php\/2021\/09\/17\/la-vida-a-veces\/\">La vida, a veces<\/a><\/li><li><a href=\"https:\/\/www.franciscodesales.com\/index.php\/2021\/09\/17\/la-propuesta\/\">La propuesta<\/a><\/li><li><a href=\"https:\/\/www.franciscodesales.com\/index.php\/2021\/09\/17\/la-palabra-personal\/\">La palabra personal<\/a><\/li><li><a href=\"https:\/\/www.franciscodesales.com\/index.php\/2021\/09\/17\/la-hija-distinta-de-dios\/\">La hija distinta de Dios<\/a><\/li><li><a href=\"https:\/\/www.franciscodesales.com\/index.php\/2021\/09\/17\/katy\/\">Katy<\/a><\/li><li><a href=\"https:\/\/www.franciscodesales.com\/index.php\/2021\/09\/17\/juro-que-es-la-ultima-lagrima-que-escribo-por-ti-2\/\">Juro que es la \u00faltima l\u00e1grima que escribo por ti.<\/a><\/li><li><a href=\"https:\/\/www.franciscodesales.com\/index.php\/2021\/09\/17\/jacobo\/\">Jacobo<\/a><\/li><li><a href=\"https:\/\/www.franciscodesales.com\/index.php\/2021\/09\/17\/ines-2\/\">In\u00e9s.<\/a><\/li><li><a href=\"https:\/\/www.franciscodesales.com\/index.php\/2021\/09\/17\/inconsciente-energumeno\/\">Inconsciente energ\u00fameno<\/a><\/li><li><a href=\"https:\/\/www.franciscodesales.com\/index.php\/2021\/09\/17\/hasta-el-final\/\">Hasta el final<\/a><\/li><li><a href=\"https:\/\/www.franciscodesales.com\/index.php\/2021\/09\/17\/falsa-alarma\/\">Falsa alarma<\/a><\/li><li><a href=\"https:\/\/www.franciscodesales.com\/index.php\/2021\/09\/17\/enrique\/\">Enrique<\/a><\/li><li><a href=\"https:\/\/www.franciscodesales.com\/index.php\/2021\/09\/17\/en-manos-de-nadie\/\">En manos de nadie<\/a><\/li><li><a href=\"https:\/\/www.franciscodesales.com\/index.php\/2021\/09\/17\/en-el-camino\/\">En el camino<\/a><\/li><li><a href=\"https:\/\/www.franciscodesales.com\/index.php\/2021\/09\/17\/el-piano\/\">El piano<\/a><\/li><li><a href=\"https:\/\/www.franciscodesales.com\/index.php\/2021\/09\/17\/el-mismo-silencio-de-siempre-2\/\">El mismo silencio de siempre<\/a><\/li><li><a href=\"https:\/\/www.franciscodesales.com\/index.php\/2021\/09\/17\/el-fracasado-intento\/\">El fracasado intento<\/a><\/li><li><a href=\"https:\/\/www.franciscodesales.com\/index.php\/2021\/09\/17\/el-dia-13-de-mayo-de-1810\/\">El d\u00eda 13 de Mayo de 1810<\/a><\/li><li><a href=\"https:\/\/www.franciscodesales.com\/index.php\/2021\/09\/17\/el-destino\/\">El destino<\/a><\/li><li><a href=\"https:\/\/www.franciscodesales.com\/index.php\/2021\/09\/17\/el-concilio-del-parque-de-la-libertad\/\">El concilio del parque de la libertad<\/a><\/li><li><a href=\"https:\/\/www.franciscodesales.com\/index.php\/2021\/09\/17\/el-arbol-que-queria-conocer-paris\/\">El \u00e1rbol que quer\u00eda conocer Par\u00eds<\/a><\/li><li><a href=\"https:\/\/www.franciscodesales.com\/index.php\/2021\/09\/17\/dos-mujeres-un-amor\/\">Dos mujeres, un amor<\/a><\/li><li><a href=\"https:\/\/www.franciscodesales.com\/index.php\/2021\/09\/17\/discurso-peregrino\/\">Discurso peregrino<\/a><\/li><li><a href=\"https:\/\/www.franciscodesales.com\/index.php\/2021\/09\/17\/dios-acepta-limosnas\/\">Dios acepta limosnas<\/a><\/li><li><a href=\"https:\/\/www.franciscodesales.com\/index.php\/2021\/09\/17\/dile\/\">Dile<\/a><\/li><li><a href=\"https:\/\/www.franciscodesales.com\/index.php\/2021\/09\/17\/desobedenciendo-al-destino\/\">Desobedenciendo al destino<\/a><\/li><li><a href=\"https:\/\/www.franciscodesales.com\/index.php\/2021\/09\/17\/desde-aquella-manana\/\">Desde aquella ma\u00f1ana<\/a><\/li><li><a href=\"https:\/\/www.franciscodesales.com\/index.php\/2021\/09\/17\/desde-aquel-ramo-de-flores\/\">Desde aquel ramo de flores<\/a><\/li><li><a href=\"https:\/\/www.franciscodesales.com\/index.php\/2021\/09\/17\/dedicatoria\/\">Dedicatoria<\/a><\/li><li><a href=\"https:\/\/www.franciscodesales.com\/index.php\/2021\/09\/17\/debe-y-haber\/\">Debe y haber<\/a><\/li><li><a href=\"https:\/\/www.franciscodesales.com\/index.php\/2021\/09\/17\/cuando-se-presenta\/\">Cuando se presenta<\/a><\/li><li><a href=\"https:\/\/www.franciscodesales.com\/index.php\/2021\/09\/17\/corazones-fugaces-2\/\">Corazones fugaces.<\/a><\/li><li><a href=\"https:\/\/www.franciscodesales.com\/index.php\/2021\/09\/17\/con-gran-sigilo\/\">Con gran sigilo<\/a><\/li><li><a href=\"https:\/\/www.franciscodesales.com\/index.php\/2021\/09\/17\/casimiro\/\">Casimiro<\/a><\/li><li><a href=\"https:\/\/www.franciscodesales.com\/index.php\/2021\/09\/17\/cartas-a-mi-ex\/\">Cartas a mi ex<\/a><\/li><li><a href=\"https:\/\/www.franciscodesales.com\/index.php\/2021\/09\/17\/cafe-te-rias\/\">Caf\u00e9 te r\u00edas<\/a><\/li><li><a href=\"https:\/\/www.franciscodesales.com\/index.php\/2021\/09\/17\/buscandola\/\">Busc\u00e1ndola<\/a><\/li><li><a href=\"https:\/\/www.franciscodesales.com\/index.php\/2021\/09\/17\/bienvenidos-al-sol\/\">Bienvenidos al sol<\/a><\/li><li><a href=\"https:\/\/www.franciscodesales.com\/index.php\/2021\/09\/17\/asesina-es-la-mar\/\">Asesina es la mar<\/a><\/li><li><a href=\"https:\/\/www.franciscodesales.com\/index.php\/2021\/09\/17\/amada-mia\/\">Amada m\u00eda<\/a><\/li><li><a href=\"https:\/\/www.franciscodesales.com\/index.php\/2021\/09\/17\/amada\/\">Amada<\/a><\/li><li><a href=\"https:\/\/www.franciscodesales.com\/index.php\/2021\/09\/17\/a-mi-edad\/\">A mi edad<\/a><\/li><\/ul><\/p>\t\t\t\t\t\t\t\t<\/div>\n\t\t\t\t<\/div>\n\t\t\t\t\t<\/div>\n\t\t<\/div>\n\t\t\t\t\t<\/div>\n\t\t<\/section>\n\t\t\t\t<\/div>\n\t\t","protected":false},"excerpt":{"rendered":"<p>RELATOS<\/p>\n","protected":false},"author":1,"featured_media":0,"parent":0,"menu_order":0,"comment_status":"closed","ping_status":"closed","template":"","meta":{"ocean_post_layout":"","ocean_both_sidebars_style":"","ocean_both_sidebars_content_width":0,"ocean_both_sidebars_sidebars_width":0,"ocean_sidebar":"0","ocean_second_sidebar":"0","ocean_disable_margins":"enable","ocean_add_body_class":"","ocean_shortcode_before_top_bar":"","ocean_shortcode_after_top_bar":"","ocean_shortcode_before_header":"","ocean_shortcode_after_header":"","ocean_has_shortcode":"","ocean_shortcode_after_title":"","ocean_shortcode_before_footer_widgets":"","ocean_shortcode_after_footer_widgets":"","ocean_shortcode_before_footer_bottom":"","ocean_shortcode_after_footer_bottom":"","ocean_display_top_bar":"default","ocean_display_header":"default","ocean_header_style":"","ocean_center_header_left_menu":"0","ocean_custom_header_template":"0","ocean_custom_logo":0,"ocean_custom_retina_logo":0,"ocean_custom_logo_max_width":0,"ocean_custom_logo_tablet_max_width":0,"ocean_custom_logo_mobile_max_width":0,"ocean_custom_logo_max_height":0,"ocean_custom_logo_tablet_max_height":0,"ocean_custom_logo_mobile_max_height":0,"ocean_header_custom_menu":"0","ocean_menu_typo_font_family":"0","ocean_menu_typo_font_subset":"","ocean_menu_typo_font_size":0,"ocean_menu_typo_font_size_tablet":0,"ocean_menu_typo_font_size_mobile":0,"ocean_menu_typo_font_size_unit":"px","ocean_menu_typo_font_weight":"","ocean_menu_typo_font_weight_tablet":"","ocean_menu_typo_font_weight_mobile":"","ocean_menu_typo_transform":"","ocean_menu_typo_transform_tablet":"","ocean_menu_typo_transform_mobile":"","ocean_menu_typo_line_height":0,"ocean_menu_typo_line_height_tablet":0,"ocean_menu_typo_line_height_mobile":0,"ocean_menu_typo_line_height_unit":"","ocean_menu_typo_spacing":0,"ocean_menu_typo_spacing_tablet":0,"ocean_menu_typo_spacing_mobile":0,"ocean_menu_typo_spacing_unit":"","ocean_menu_link_color":"","ocean_menu_link_color_hover":"","ocean_menu_link_color_active":"","ocean_menu_link_background":"","ocean_menu_link_hover_background":"","ocean_menu_link_active_background":"","ocean_menu_social_links_bg":"","ocean_menu_social_hover_links_bg":"","ocean_menu_social_links_color":"","ocean_menu_social_hover_links_color":"","ocean_disable_title":"default","ocean_disable_heading":"default","ocean_post_title":"","ocean_post_subheading":"","ocean_post_title_style":"","ocean_post_title_background_color":"","ocean_post_title_background":0,"ocean_post_title_bg_image_position":"","ocean_post_title_bg_image_attachment":"","ocean_post_title_bg_image_repeat":"","ocean_post_title_bg_image_size":"","ocean_post_title_height":0,"ocean_post_title_bg_overlay":0.5,"ocean_post_title_bg_overlay_color":"","ocean_disable_breadcrumbs":"default","ocean_breadcrumbs_color":"","ocean_breadcrumbs_separator_color":"","ocean_breadcrumbs_links_color":"","ocean_breadcrumbs_links_hover_color":"","ocean_display_footer_widgets":"default","ocean_display_footer_bottom":"default","ocean_custom_footer_template":"0","footnotes":""},"class_list":["post-2727","page","type-page","status-publish","hentry","entry"],"_links":{"self":[{"href":"https:\/\/www.franciscodesales.com\/index.php\/wp-json\/wp\/v2\/pages\/2727","targetHints":{"allow":["GET"]}}],"collection":[{"href":"https:\/\/www.franciscodesales.com\/index.php\/wp-json\/wp\/v2\/pages"}],"about":[{"href":"https:\/\/www.franciscodesales.com\/index.php\/wp-json\/wp\/v2\/types\/page"}],"author":[{"embeddable":true,"href":"https:\/\/www.franciscodesales.com\/index.php\/wp-json\/wp\/v2\/users\/1"}],"replies":[{"embeddable":true,"href":"https:\/\/www.franciscodesales.com\/index.php\/wp-json\/wp\/v2\/comments?post=2727"}],"version-history":[{"count":26,"href":"https:\/\/www.franciscodesales.com\/index.php\/wp-json\/wp\/v2\/pages\/2727\/revisions"}],"predecessor-version":[{"id":3037,"href":"https:\/\/www.franciscodesales.com\/index.php\/wp-json\/wp\/v2\/pages\/2727\/revisions\/3037"}],"wp:attachment":[{"href":"https:\/\/www.franciscodesales.com\/index.php\/wp-json\/wp\/v2\/media?parent=2727"}],"curies":[{"name":"wp","href":"https:\/\/api.w.org\/{rel}","templated":true}]}}